of 13 and m?
13
Let n be 32/6 - 4 - (-4)/6. Let c be (n + 2)*35/10. What is the highest common divisor of 70 and c?
14
Let q = 20 - 19. Let l be (-36 + q)*42/(-35). Calculate the greatest common factor of l and 63.
21
Suppose 5*v = 5*a - 0*a + 105, -3*v + 67 = a. Suppose -2*c - 3*h + 16 = 0, -c - 2*c - 5*h + v = 0. Calculate the greatest common factor of c and 14.
14
Suppose 0 = -4*w + 16, 25*p + 3*w = 23*p + 208. What is the highest common factor of p and 1?
1
Let u be 0 - (-826)/(-3) - (-56)/42. Let o = -130 - u. What is the greatest common factor of o and 18?
18
Let h = 172 + -160. Suppose 2*q = -0 + 10. Suppose 3*f - 21 = q*c, 9 + 0 = 3*c. What is the highest common divisor of f and h?
12
Let l(z) = -6*z + 38. Let c be l(6). Let r be (-14 + -256)*(-1)/c. Calculate the greatest common factor of r and 5.
5
Let n(f) = -3*f - 22. Let b = -44 - -35. Let o be n(b). Let t be ((-4)/o)/((-8)/200). What is the highest common divisor of t and 4?
4
Let q = -521 - -619. Calculate the greatest common factor of 6 and q.
2
Suppose z = -2*n - 1 - 1, -5*z = 5*n. Let h = 4 + -9. Let d = h + 11. What is the highest common factor of z and d?
2
Let n be -16 - (-1 + 0) - -3. Let d = -8 - n. Suppose -d*t - 5*r + 4 = 0, 0 = 2*t + 4*r - 1 - 1. Calculate the highest common factor of 11 and t.
1
Suppose -6*c = -188 + 176. What is the highest common divisor of 7 and c?
1
Suppose -r - 216 = -13*l + 11*l, 0 = 4*l - r - 432. What is the highest common divisor of l and 4?
4
Let t be ((-9163)/22)/17*-4. Calculate the greatest common divisor of t and 154.
14
Let s(m) = m**3 - 5*m**2 + 4*m + 3. Let a be s(4). Calculate the highest common factor of 21 and a.
3
Suppose -3*n + 60 = -13*n. Let q = n + 22. Calculate the highest common factor of q and 176.
16
Suppose -5*u - 63 = 2*z - 229, -400 = -5*z - 5*u. Calculate the greatest common divisor of 338 and z.
26
Let i(u) = -u**2 + 17*u + 1. Let z be i(11). Suppose 0 = -4*p + 73 + z. Calculate the highest common divisor of 5 and p.
5
Let y(v) be the first derivative of 2*v**3/3 - 3*v**2 - 7*v - 6. Let g be y(4). What is the highest common factor of 2 and g?
1
Suppose 0 = 15*w - 11*w - 128. Suppose 0 = 2*x - 7*x + 1440. What is the highest common factor of w and x?
32
Let z be (-72)/32*20/(-3). Let x be (198/z)/(3/15). Calculate the greatest common factor of x and 44.
22
Let x = 30 + -26. Suppose -x*v + 3 + 3 = 2*j, 5*j - v - 48 = 0. Calculate the greatest common divisor of j and 45.
9
Let g(q) = 3*q**2. Let d(a) = -a + 4. Let x be d(5). Let c be g(x). Suppose -c*h + 13 = -11. Calculate the highest common factor of h and 88.
8
Suppose 4*x - 2*m - 147 - 653 = 0, -x + 4*m = -207. Suppose -x = -7*o + 32. Calculate the greatest common divisor of o and 11.
11
Suppose 0 = 5*b + 5*c - 140, 4*c = -0*b + b - 3. Calculate the greatest common divisor of b and 529.
23
Let d(t) = t**2 - 37*t + 25. Let n be d(37). Calculate the greatest common factor of n and 85.
5
Let r(f) be the third derivative of -f**6/120 + f**5/6 + f**4/12 + 5*f**3/3 + 13*f**2. Let i be r(7). Calculate the greatest common divisor of 19 and i.
19
Suppose 0 = -4*y + 3*z + 1637, 3*y - 1200 = z + 29. What is the highest common divisor of y and 10?
10
Suppose -3*n - 3*h + 47 = -n, 0 = -2*n - 2*h + 48. Suppose 4*x = -2 - 14, -5*x = -4*t + 520. Calculate the highest common divisor of n and t.
25
Suppose 16*g + 71*g - 696 = 0. Calculate the greatest common divisor of 8 and g.
8
Let j be (20/24)/((-5)/(-5 - 25)). What is the highest common factor of j and 5?
5
Let l(y) = 13*y + 487. Let h be l(-29). What is the greatest common divisor of h and 22?
22
Let d(a) = a**3 - 20*a**2 + 20*a - 15. Let j be d(19). Suppose 5*o = 4*c - 16, -c - j = -3*o - 8. Calculate the greatest common divisor of c and 36.
4
Let x(f) = f**2 + 26*f + 115. Let k be x(-5). Suppose 142 = 2*i - 2*r, -i + 2*i - 65 = -5*r. Calculate the greatest common divisor of i and k.
10
Suppose k = o + 86, -4*k + 90 = -3*k + o. Suppose 3*g = 7*g - k. Let i = 63 - 30. What is the greatest common factor of i and g?
11
Suppose 2*h - 15 = -5*g - 0*g, -15 = -5*g + 3*h. Suppose 4*w - g*v = 150, -3*v = -2*w + 3*w - 30. Calculate the highest common divisor of w and 18.
18
Let d be (15 - 5)/((-1)/(-10)). Calculate the highest common divisor of d and 75.
25
Suppose -404 = -6*r - 26. Calculate the highest common factor of r and 72.
9
Let y be (0 - 8/10)*(-22905)/1018. What is the greatest common divisor of 153 and y?
9
Let t(l) = -l**3 - 9*l**2 + 9*l + 14. Suppose -3*p + 11 = -4. Let v be (1 + 7)*p/(-4). Let c be t(v). What is the greatest common factor of c and 60?
12
Let q be 18*(-6)/24*(-51 - -1). What is the highest common factor of 150 and q?
75
Let f(w) = -4*w + 44. Let p = -122 + 122. Let h be f(p). Calculate the greatest common factor of 110 and h.
22
Suppose -h + 4*h - 9 = 0. Suppose 5*w - 5*m = 150, 3*w + 3*m - 93 = 7*m. Let i = 42 - w. What is the highest common factor of i and h?
3
Let b be -3*48/(-27)*15/20. What is the greatest common divisor of 124 and b?
4
Let c(g) = g**2 + 4*g - 6. Let h be c(2). Suppose h*m + 4*m = 200. Let v be -1 + 1 + (-20)/(-2). Calculate the greatest common factor of m and v.
10
Suppose 84*l - 82*l = 120. Let k be l/8*16/3. Let j(n) = 6*n**3 - n**2 + n - 1. Let o be j(1). What is the greatest common divisor of k and o?
5
Let l = 183 - 88. Let r = -53 + l. Let f be 28/r - (-68)/6. Calculate the greatest common factor of 84 and f.
12
Let d be (10 + 43/(-3))*-282. Calculate the highest common factor of d and 94.
94
Let b = -130 + 130. Suppose f + 8 - 76 = b. Calculate the greatest common factor of f and 102.
34
Let u(c) = -c**2 - 6*c - 4. Let s(t) = -t**2 + 2*t + 12. Let a be s(5). Let o be u(a). What is the greatest common factor of 5 and o?
5
Let j = -556 + 565. Calculate the greatest common divisor of j and 60.
3
Let w be 4 + 1 + -3 + (-45 - -1). Let l = 66 + w. Calculate the greatest common divisor of l and 36.
12
Let i(b) = 23*b - 5. Let h be i(5). Calculate the greatest common divisor of h and 154.
22
Suppose 2*y = -132 + 12. Let b be (-3)/(9/y) - 0. Let f be (7 - 22 - -3)*12/(-18). What is the greatest common factor of b and f?
4
Let w(y) = y + 121. Let p(g) be the second derivative of g**4/12 + g**3/6 - 4*g. Let z be p(0). Let x be w(z). Calculate the highest common divisor of 11 and x.
11
Let t be (2/(-4))/((-6)/60). Suppose -3*r + 210 = t*z + r, 4*r = 0. Suppose k - c - 24 = 1, 4*k + 4*c = 68. Calculate the highest common factor of z and k.
21
Let j be (9 + -1)/(-2 + 4). Suppose 0*p + s + 247 = 2*p, -4*p = j*s - 464. What is the greatest common divisor of 11 and p?
11
Suppose -3*q + 8*q - 35 = 0. Let m be ((-14)/q)/((-6)/429). What is the greatest common divisor of 13 and m?
13
Let o be 2/((-6)/4 + 1). Let w(c) = c**3 + 4*c**2 + 4*c + 6. Let a be w(o). Let z be (-33)/(-2) - (-5)/a. Calculate the greatest common divisor of z and 112.
16
Suppose 3*m = 1 - 16. Let k(o) = -3*o + 15. Let y be k(m). What is the highest common factor of 270 and y?
30
Let k(s) = 11*s**2 + 3*s + 4. Let d be k(-3). Let p = -78 + d. Calculate the greatest common factor of 40 and p.
8
Let w(d) = d**3 - 3. Let b be w(2). Suppose -2*o - 2*i = -258, 10 = -b*o + i + 673. Calculate the highest common factor of 12 and o.
12
Let h(d) = 0*d**2 + 6*d**2 + 3*d**2 - d + 6 + d**3 + 9*d. Let j be h(-8). Suppose -j*v + 763 = 223. What is the highest common divisor of v and 10?
10
Let a be (-6)/(-10) + (-42)/(-5) + -5. Suppose a*p = 5*w + 124, -5*p = -w - 9 - 125. Calculate the greatest common divisor of 286 and p.
26
Let m(f) = -5*f - 28. Let h be m(-8). Suppose 0*a + 240 = 4*a. What is the greatest common factor of a and h?
12
Suppose 0 = s + 2, 4*s + 16 = -9*k + 11*k. Suppose 0 = 3*u - 7 - 5. Calculate the greatest common factor of u and k.
4
Suppose 2*k + 10 = 30. Suppose 0 = 2*d - 0 - 138. Suppose -4*p - d = j - 431, j = 2*p - 178. Calculate the greatest common factor of k and p.
10
Let d be (-10)/((-2)/(-2 + 6)). Suppose 2*p - v = 140, -3*p + 210 = 4*v - 5*v. Calculate the highest common factor of p and d.
10
Let b = -164 + 178. Suppose 5*v + 13 + 32 = 2*i, -5*i - 3*v + 190 = 0. Calculate the highest common divisor of i and b.
7
Let y be 72/5 + 28/(-70). Suppose -24 = y*r - 10*r. Let x be r/((12/(-3))/2). What is the greates